i(v) = v**2 + 8*v - 6. Let g(b) = b. Let m(f) = 3*g(f) - i(f). Determine m(p).
6
Let m(q) = q**3 - 7*q**2 - 10*q - 5. Let w = -170 - -178. Calculate m(w).
-21
Let x(u) = -3*u + 7*u - 1 - 7*u + 2*u. What is x(-4)?
3
Let b(q) = q + 8. Let p(s) = -3*s - 23. Let w(f) = -8*b(f) - 3*p(f). Let a = 3 + -3. What is w(a)?
5
Let d(l) be the first derivative of l**4/4 - 5*l**3/3 + 2*l**2 - 4*l + 10. Give d(5).
16
Let t(h) = -h**3 + 4*h**2 + 6*h. Let l = 6 + -1. Suppose l*a + 8 = 33. Determine t(a).
5
Let b(j) = -j**3 + 6*j**2 - 4*j - 1. Let f(n) = n**3 + 2 + 2 - 5. Let u be f(1). Suppose -3*i - 2*i + 3*t = -40, 3*i + t - 10 = u. Determine b(i).
4
Let a(y) = 23*y - 5*y**3 + 1 + y**3 - 25*y - 2. Determine a(-1).
5
Let v = -11 + 12. Suppose -v - 4 = -q. Let t(i) = -i**3 + 5*i**2 - i. What is t(q)?
-5
Let o(x) = -x**2. Let c(n) = -5*n**2 - 7*n - 2. Let y(d) = -c(d) + 4*o(d). What is y(-5)?
-8
Let t(w) = w**3 + 2*w + 1 + 3*w - 2*w - 7*w - 4*w**2. Give t(4).
-15
Let u(j) = 3*j**3 + 6*j**2 + 8*j + 4. Let c(b) = 13*b**3 + 24*b**2 + 32*b + 15. Let m(f) = 2*c(f) - 9*u(f). Give m(-5).
9
Let q(t) = t**3 + 7*t**2 + 5*t - 1. Let s be (2/4)/((-2)/24). What is q(s)?
5
Suppose -9*p + 4*p + 7 = 2*k, -k + 4*p - 3 = 0. Let m = 4 + k. Let u(c) = c - 7. Calculate u(m).
-2
Let g(x) = -x + 3*x - 5*x. Calculate g(-1).
3
Suppose g + 4*z = 2 + 13, 3*g + 3*z = 0. Let r(a) = a**3 + 6*a**2 + 5*a + 7. Calculate r(g).
7
Let p(i) = 3*i - 14. Let l(v) = -7*v + 28. Let z(t) = 4*l(t) + 9*p(t). Give z(-7).
-7
Let w(m) = -m**3 - m + 2. Let c be w(0). Let r(q) be the third derivative of 0*q + 3*q**2 - 1/12*q**4 - 1/6*q**3 + 0. What is r(c)?
-5
Let i(v) = -6*v**3 + 2*v**2 + v + 6. Let b(y) = -5*y**3 + 2*y**2 + y + 5. Let c(k) = 7*b(k) - 6*i(k). Suppose 0 = 2*o - 43 + 47. Give c(o).
-3
Let x(u) be the second derivative of -u**4/12 - 4*u**3/3 - 3*u**2/2 + 9*u. Determine x(-6).
9
Let t(x) = -6*x**2 + 8*x - 2. Let w(u) = -7*u**2 + 8*u - 3. Let y(z) = 6*t(z) - 5*w(z). Give y(8).
3
Let x(c) = -3*c + 5*c**2 - 4*c**2 + 4*c + 7. Calculate x(0).
7
Let g(t) = t**2 - 12*t + 9. Let c(a) = -a**3 - 31*a**2 + 35*a + 102. Let p be c(-32). Give g(p).
-27
Let t(u) = -2*u + 1. Let y(z) = -z**2 - 6*z + 6. Let v be y(-5). Let w = v + -1. Suppose -10 = -2*k - q + 5*q, -4*k + w = -3*q. Give t(k).
-1
Let f(n) = 4*n - 8. Let h(m) = 9*m - 16. Let t(r) = 7*f(r) - 3*h(r). What is t(7)?
-1
Let a(r) = 3 - 7 + 32*r**2 + 5*r - 33*r**2. Determine a(5).
-4
Let l(u) = u**3 - 7*u**2 - 8*u + 2. Let m be l(8). Let c(k) = 4*k - 2*k**2 - 4*k + 1 - 5*k**m. What is c(1)?
-6
Let m(z) = 6*z**2 - 2*z - 2. Let s(y) = 5*y**2 - y - 1. Let h(x) = -4*m(x) + 5*s(x). Determine h(-3).
3
Let z(o) = -3*o - 6. Let f be z(-4). Let y = -2 + f. Let k(b) = -b - 1. What is k(y)?
-5
Suppose 5*g - 2*g - 12 = 0. Suppose 0 = -g*l - u - 12, -2*l + 4*u = 7*u + 16. Let h(f) = -3*f - 1. Determine h(l).
5
Let v(w) be the second derivative of -w**6/360 - w**5/24 + w**4/8 + w**3/6 - 2*w. Let s(l) be the second derivative of v(l). Calculate s(-6).
-3
Let q(u) = 2*u + 7. Let c be 23/(-4) - 10/40. What is q(c)?
-5
Let t(k) = -3*k**2 + 5*k - 1. Let z(d) = d**2 - 3*d + 1. Let s(w) = -2*t(w) - 5*z(w). What is s(-6)?
3
Let t be 66/2 + -2 + -3. Let q = -13 + 8. Let s be 4/(-10) + t/q. Let l(m) = -m**2 - 7*m - 1. Determine l(s).
5
Let d(c) be the first derivative of c**2/2 + 14*c - 2. Determine d(-6).
8
Let k(g) = g**3 - 9*g**2 + g - 5. Suppose -6*p + 15 = -39. Give k(p).
4
Let n(d) = 403*d - 1 + 0*d**2 - 406*d + 0 - 2*d**2. Let w(c) = -5 + 0 - 6*c - 4*c**2 + 3. Let g(x) = -5*n(x) + 3*w(x). Give g(-2).
-3
Let s(y) = 3*y**2 - 7 + y**3 - 2*y**2 - 2*y**2. Suppose 0 = -3*a - 0*a. Calculate s(a).
-7
Let x(c) = c**3 - 4*c**2 + 2*c**2 + 4*c**2 - 3*c. Let f be x(2). Let g = f + -6. Let s(u) = -u**3 + 4*u**2 - 2*u + 4. Determine s(g).
-4
Let b(p) = -2*p**3 + 3*p**2. Suppose 2*h + 2*f + 2 = 0, 0*f - 14 = 5*h + 2*f. Let t = h + 6. Determine b(t).
-4
Let j(h) be the third derivative of h**6/120 + h**5/10 + h**4/8 + h**3/6 + 25*h**2. Let u(k) = -2*k**2 + 2*k - 1. Let t be u(2). Determine j(t).
11
Let f(l) = -l**2 - 3*l - 2. Let t(v) = v**3 - 7*v**2 + 4*v - 32. Let g be t(7). Determine f(g).
-6
Suppose 0*s = -4*s + 4. Let x(o) = 4*o + 1. Calculate x(s).
5
Let q(m) = 9*m**2 - m. Suppose -2 + 5 = -3*s. Determine q(s).
10
Let l(k) = 3*k - 17*k + 3 + 3*k**2 + 4*k + 5*k - k**3. Give l(3).
-12
Let j(f) = 7*f**3 + 10*f**2 - f - 1. Let p(g) = 11*g**3 + 15*g**2 - g - 2. Let k(n) = 8*j(n) - 5*p(n). Calculate k(-5).
17
Let v(m) be the second derivative of 9*m**5/20 + m**4/6 - m**3/3 + m**2/2 - 7*m + 1. Determine v(1).
10
Let v be -3*(-25)/30*(-1 + -1). Let d(u) = -2*u - 3. Determine d(v).
7
Let y(d) be the third derivative of -d**6/120 - d**5/10 - d**4/4 - 28*d**2. Determine y(-5).
5
Let w(n) = 10*n + 5*n**2 + 7*n**2 - 13*n**2 + 5. What is w(10)?
5
Let c(v) = -v - 8. Let d(n) be the second derivative of 0 + 2*n + 1/10*n**5 + 0*n**3 + 0*n**2 + 1/4*n**4. Let o be d(-2). Calculate c(o).
-4
Let t(u) be the third derivative of 7*u**5/60 - 2*u**2 - 12. Let n(g) = -g**2 + 8*g - 8. Let j be n(7). Give t(j).
7
Let t(m) = 2 - 1 + m**2 - 9*m**3 - 2. Suppose v + 0 = -1. Let c be (-2)/(-3) - v/3. Calculate t(c).
-9
Let s(q) be the first derivative of -3*q - 1/4*q**4 + 3/2*q**2 + 2 + q**3. Let n be (-170)/(-40) - 1/4. What is s(n)?
-7
Let u(n) = n**3 - 7*n**2 - 7*n - 4. Suppose 4*s - 24 = v + v, -s + 20 = 3*v. Determine u(s).
4
Let q(s) = -s**2 - 6*s - 5. Let r be -20 - -42 - (-1 - -3). Suppose -4*p = -4*t + r, -3*p = -t + 11 + 2. Give q(p).
3
Suppose -c - 5 = 4*c. Let d(s) be the third derivative of s**4/6 + s**3/6 - 2*s**2. What is d(c)?
-3
Let n = -40 + 43. Let r(a) = 6*a - 2. Let z(l) = 1 + 1 - 7*l + 0*l. Let i(q) = 4*r(q) + 3*z(q). Give i(n).
7
Let y(s) = -s**2 + 5*s + 1. Let a(z) = -z**3 + 11*z**2 + z - 3. Let k be a(11). Let l = -6 + 2. Let x = l + k. Give y(x).
5
Let d(k) = 1 + 5*k + 0*k + k. Let n be d(-1). Let u(o) = -6*o + 0*o**3 - 4 + 3 - o**3 - 6*o**2 - 5. What is u(n)?
-1
Let i(b) = -2157 - b + 2157. Suppose 0 = -2*k + 3 + 5. Determine i(k).
-4
Let d be (-5)/5 + (7 - 1). Suppose -4*k - 3*n = 7, k + 0*k + d*n + 23 = 0. Let o(v) = v + 0 + v**k + 0. Determine o(-2).
2
Let q(d) = -d**3 + 10*d + 1. Let b be q(3). Let a(y) = -y**2 + 2*y + 4. Determine a(b).
-4
Suppose -v = -x + 2, -2*v - 2*v - 8 = 0. Let l be (x - 3) + (7 - 10). Let h(o) = o + 14. Give h(l).
8
Let u(m) = -m**3 + 2*m**2 + 2*m - 2. Let c = 54 + -52. Determine u(c).
2
Let d(g) be the first derivative of -g**6/40 + g**5/30 + g**4/24 + g**3/6 + g**2 + 6. Let a(i) be the second derivative of d(i). Calculate a(2).
-13
Let r(g) = g**2 + g - 4. Let f be (3 - 1)/(5/(45/(-6))). Give r(f).
2
Let i(q) = q - 3. Suppose 3*f + 8 = 5*f. What is i(f)?
1
Let i(o) = 2*o**3 - 4*o**3 + 0*o**3 - 4*o**3. Let l(n) be the second derivative of -n**3/6 - 5*n**2/2 + n. Let z be l(-4). Calculate i(z).
6
Let p(m) = 3*m - 2. Let g(q) = -2*q + 1. Let o(r) = 4*g(r) + 3*p(r). Let v be o(3). Let n be v*((-5)/(-1) - 0). Let j(z) = -z + 1. What is j(n)?
-4
Let v(o) be the third derivative of -o**4/24 - 7*o**3/6 + 25*o**2. Give v(-7).
0
Let d be 2/(((-4)/(-1))/2). Let a(o) = d - 1 - 6*o + 2 + o**2. Let b(k) = -k**3 + 5*k**2 + 7*k - 2. Let f be b(6). Give a(f).
-6
Let u(g) = g**2 - 4*g + 1. Let d = 14 - 10. Suppose -16 = -3*j - 7, -3*j = -d*z + 3. Calculate u(z).
-2
Let p(h) = h**2 - 23*h - 35. Let a be p(24). Let r(y) = y**3 + 11*y**2 + 5. Calculate r(a).
5
Let r = 2 + -2. Let k(j) = j**2 + 4*j + 6. Let l be (-1)/(2/6*-1). Let f(n) = -n**2 - 3*n - 5. Let z(h) = l*f(h) + 2*k(h). Calculate z(r).
-3
Let a(o) = -9*o**2 + 6*o + 7. Let m(r) = -5*r**2 + 3*r + 4. Let v(j) = 6*a(j) - 11*m(j). Determine v(-6).
16
Let h be (-1)/2*(-8 - 2). Let q(g) = -g**2 + 8*g + 1. Determine q(h).
16
Let x = -18 - -19. Let s(o) = o + 0*o - 6*o + x - 2*o. Determine s(-1).
8
Let r(g) = g - 6. Let j be (-185)/35 + (-2)/(-7). Let b = 8 + -16. Let z = j - b. Determine r(z).
-3
Let i(o) = o**3 - o**2 - o. Let h(d) = 3*d**2 + 7*d - d**2 + 2 - 4*d**3 + 2*d**2 - 3*d**2. Let j(f) = h(f) + 5*i(f). What is j(2)?
-2
Let g be -2*1/4*2. Let d be 0/((-2)/3*-3). Let k = g - d. Let x(p) = 7*p**2 - 2*p - 1. Calculate x(k).
8
Suppose -y = -8 + 19. Let t = -8 - y. Let j(a) = -1 + a + 0 + 3*a - 5*a. Give j(t).
-4
Let u